of g/(-1) + 1 + 21?
2, 11
Let o(r) = 42*r. Let j(t) = -t. Let s(v) = -54*j(v) - 2*o(v). What are the prime factors of s(-1)?
2, 3, 5
Suppose 16*w = 704 + 1280. What are the prime factors of w?
2, 31
Let m = 7 - 4. Suppose m*z + 0*z = 9. Let k = z + 2. List the prime factors of k.
5
Let q(z) = z**3 + 4*z - 1. What are the prime factors of q(4)?
79
Let q(o) = o**3 + 15*o**2 - 2*o - 7. List the prime factors of q(-15).
23
Let j = 19 + 13. Suppose 0 = 3*m + 4*n - 3*n - j, 0 = -3*n + 6. Suppose m = -0*x + 2*x. What are the prime factors of x?
5
Let q(o) = -3*o**3 - 3*o**2 + 2. Let a be q(2). Let l = a - -49. What are the prime factors of l?
3, 5
Let x(f) = f**2 + 7*f + 5. Let c = -21 - -14. Let v be x(c). Suppose -15 - 25 = -v*m. What are the prime factors of m?
2
Suppose 66 + 78 = m. List the prime factors of m.
2, 3
Suppose 5*o = 47 + 18. List the prime factors of o.
13
Let s = -34 + 49. What are the prime factors of s?
3, 5
Let b(h) = -6*h - 4. What are the prime factors of b(-8)?
2, 11
Suppose 2*c = -7*c + 1674. List the prime factors of c.
2, 3, 31
Let w(u) = 2*u**2 + 1. Let p be w(-1). Suppose -4*l + 12 = 0, 3*l = p*x - l - 39. What are the prime factors of x?
17
Let g be (6/(-18))/(1/(-21)). Suppose 0*x = x - g. Let r = -4 + x. What are the prime factors of r?
3
Let q(h) = -10 + 10 - 11*h. What are the prime factors of q(-2)?
2, 11
Let m(z) = z**2 + z + 1. Let l be m(0). Let n be -76*((-2)/8)/l. Suppose 2*o - o = n. What are the prime factors of o?
19
Suppose 645 = 3*r + d, 2*r + 4*d - 420 = -0*r. What are the prime factors of r?
2, 3
Let v(l) = -l**2 - 7*l + 2. What are the prime factors of v(-6)?
2
Let p(a) = -a**3 - a**2 + 29. Let b be p(0). Suppose -66 = -5*n + b. Let c = 31 - n. What are the prime factors of c?
2, 3
Let x be 0 + 4/2 + 0. Suppose -x*a + 4*a = 10. List the prime factors of a.
5
Let k = 1 + -4. Let d = -1 - k. Suppose -5*p = d - 17. What are the prime factors of p?
3
Let d be (0 + -2 + 0)/(-2). Let t(i) = 42*i. List the prime factors of t(d).
2, 3, 7
Suppose 4*z = 2*z + 4. Suppose 3*o = 3*g - 16 - 41, 62 = z*g + 4*o. List the prime factors of g.
23
Let w(a) = 4*a**3 - 2*a**2 - a - 2. List the prime factors of w(2).
2, 5
What are the prime factors of -1 - (-2 - (-28)/3*-3)?
29
Let j(r) = -7*r. Let h be j(-10). What are the prime factors of (-2)/4 + h/4?
17
Let b(y) = -3*y - 2. Let w be b(-2). Suppose w*s - 2*k = 146, 2*s + 0*s - 3*k - 79 = 0. Suppose -s = -2*r - 3*r. What are the prime factors of r?
7
Let p(i) = -7*i - 5. Let r be p(5). Let g = r - -60. List the prime factors of g.
2, 5
Suppose 3*t - 3*g = -g - 7, -3*g = -4*t - 8. Let d(u) = -u**3 - 5*u**2 - 4*u - 7. List the prime factors of d(t).
13
Let h(d) = 2*d**2 - 11*d + 15. List the prime factors of h(7).
2, 3
Let x = 0 - 3. Let k = 32 + x. List the prime factors of k.
29
Suppose -5*b + 6 = -34. Suppose 2*f - b = -f + 4*t, -f - 6 = 3*t. Suppose 4*m - 3*c - 5 = f, 0 = -5*m + 3*c - 5 + 12. What are the prime factors of m?
2
Let d = 66 - 23. List the prime factors of d.
43
Suppose -2*r + 18 = r. Let b be (4 - 0/(-2)) + -3. Suppose -b = -o + r. List the prime factors of o.
7
Let a(n) = -n**3 - 5*n**2 + 4*n + 3. Let t be a(-5). Let v = t - -40. List the prime factors of v.
23
Let s(y) = 2*y**3 + 2*y**2 - 3*y. Let w be (-18)/(-8) - 4/16. List the prime factors of s(w).
2, 3
Suppose -87 = d + 5*j - 236, 309 = 2*d - j. List the prime factors of d.
2, 7, 11
Suppose 3*k - 5*f = 82, -5*k = 5*f - 92 + 22. List the prime factors of k.
19
Let t be (-3)/(-15) + (-131)/5. What are the prime factors of t/(-6)*(1 - -2)?
13
Let g(y) = 8*y - 4. Let x(m) = -m. Let a(n) = g(n) + 12*x(n). What are the prime factors of a(-4)?
2, 3
Suppose 0 = -3*v + 4*s + 164, 4*s = 7*v - 10*v + 148. List the prime factors of v.
2, 13
Let u = 82 - 42. Suppose 4*b + 3*m - u = 0, 1 - 17 = 4*m. What are the prime factors of b?
13
Let z = -9 - -14. Suppose 2*b - 1 = z. Suppose 0 = -b*t + 18 + 6. What are the prime factors of t?
2
Suppose -4*k + 140 = 2*q, -5*q - 18 = 2. List the prime factors of k.
37
Suppose -3*l = 4*r - 26, 2*r = -3*l - 0*l + 16. Suppose 4*n + l = 2*a, -3*a - 5*n - 30 = -0*n. Let y(d) = -3*d - 3. List the prime factors of y(a).
2, 3
Suppose 3*k + 4*j + 2 = 0, 5*k + j = 3*j + 40. Let i be 6/9*(-54)/(-4). Let p = i - k. List the prime factors of p.
3
Suppose 0 = -3*w - 4*n + 140, -2*n + 3 = -1. What are the prime factors of w?
2, 11
Suppose -4*x - 124 = -5*r, -2*r + 3*r - 4*x - 12 = 0. What are the prime factors of 1*(-2 - r/(-1))?
2, 13
Let h be ((-8)/(-6))/(2/3). Suppose -4 - 28 = -h*r. What are the prime factors of r?
2
Let h = 12 + -9. Let p(u) = 5*u**2 + 4*u - 2. Let d be p(4). What are the prime factors of d/8 + h/12?
2, 3
Let w(c) = 2*c**2 + 9*c + 2. Let b be w(-7). Suppose 7*h = b + 250. List the prime factors of h.
41
What are the prime factors of -4*(-2)/10*1420/8?
2, 71
Suppose 3*a - 5 = -4*i, 4*i + 0*a + 5 = -5*a. Suppose 4*f = -i*u, -4*u + 2*f + f + 31 = 0. What are the prime factors of 20 - (u/(-2))/1?
2, 11
Let i = -145 - -258. What are the prime factors of i?
113
What are the prime factors of 13*2/(-2)*-3?
3, 13
Let a(c) = c**2 + c - 3. Let p be a(3). Suppose -p*i + 5*i = -28. List the prime factors of i.
7
Let m = -16 - -9. What are the prime factors of (-6 - m) + 1*9?
2, 5
Let i(r) = r**2 - 10*r + 7. Suppose -5*a = 3*p - p + 25, -5*p - 3*a = 15. Let x = 10 + p. List the prime factors of i(x).
7
Let t = -14 + 20. What are the prime factors of t?
2, 3
Let s be 7 + 1*(-3)/1. Suppose s*r = 2*z + 2, -6*r - 5*z + 37 = -2*r. List the prime factors of r.
3
Suppose 2*z - 24 = 26. What are the prime factors of z?
5
Let a = 47 + -20. What are the prime factors of a?
3
Suppose -12 + 0 = 4*s, -2*r = -2*s - 14. Suppose 84 = r*a + 4*b, 5*a + 4*b = 88 + 12. List the prime factors of a.
2
Let l(h) = 7*h + 2. Let p(b) be the first derivative of 3*b**2 + 2*b - 3. Let m(j) = -4*l(j) + 5*p(j). What are the prime factors of m(3)?
2
Suppose 492 = -22*y + 26*y. What are the prime factors of y?
3, 41
Let r be (-53)/5 + (-4)/10. Let q(x) = -x**2 + 13*x - 16. Let h be q(13). Let u = r - h. What are the prime factors of u?
5
Let x(a) = -5*a - 1. Let d be x(-1). Suppose -3*q - 4*g = -12, q + 2*g - g = 3. Suppose -d*u = -q*u - 40. List the prime factors of u.
2, 5
Let a = 6 + -3. Suppose -2*z - 4*c = -2*c, 0 = -a*c - 6. Suppose v - z - 2 = 0. What are the prime factors of v?
2
Suppose 2*j - 100 = -2*j. Let f be (-10)/4*(-30)/j. Suppose 0 = -5*h + f*h + 22. What are the prime factors of h?
11
Let q(t) = -4*t**3 + t**2 - 3*t + 3. Let n(s) = s + 1. Let h be n(-4). Let f(z) = 3*z**3 + 2*z - 2. Let m(y) = h*f(y) - 2*q(y). List the prime factors of m(-3).
3
Let r(b) = -2*b**2 + 4*b + 4. Let d be r(4). Let j = 22 + d. What are the prime factors of j?
2, 5
Let r be (-2 + 0)/2 - -3. Suppose m - r*u - 6 = 2*m, -4*u = 5*m. What are the prime factors of m?
2
Suppose -4*c + 4*d = -261 - 7, 3*c - 209 = 5*d. List the prime factors of c.
3, 7
Suppose 0*o = -5*o - 10. Let i be 3*(-1 + (0 - o)). Suppose -3*a - 5*p = -7, 2*a + i - 7 = -4*p. List the prime factors of a.
2
Let d(a) = a**3 - 7*a**2 + 7*a - 4. Let r be d(6). Let g(q) = q**2 - 2. What are the prime factors of g(r)?
2
Suppose -3*d + 2*g + 327 = 0, -4*d + 431 = 4*g + 15. What are the prime factors of d?
107
Let a(x) = x**3 + 10*x**2 - x + 20. What are the prime factors of a(-10)?
2, 3, 5
Suppose -4*h + 37 = 5*w, -w + 33 = 4*h - 0*w. Let s be (-34)/h*(-4)/1. Let r = s + -12. List the prime factors of r.
5
Let p = -24 + 90. Suppose s - p = -s. What are the prime factors of s?
3, 11
Suppose 0 = -3*q - 28 + 64. Suppose 3*c - q = 5*i, -2*c = c + i - 30. What are the prime factors of c?
3
Suppose -5*r - 22 = 3*k + k, -3*r = -4*k - 6. What are the prime factors of r/(-1 - 21/(-27))?
3
Let x = 12 - 20. What are the prime factors of 50/4 - 4/x?
13
What are the prime factors of -44*(2/10 - (-27)/(-10))?
2, 5, 11
Suppose p = -5*c + 5, p + 2*p - 15 = 2*c. Suppose 4*f = -i + 26, -f - 4*i + 17 - 3 = c. What are the prime factors of 0/2 - f/(-1)?
2, 3
Let y(x) = x**3 - 27*x**2 - 50*x - 18. List the prime factors of y(29).
2, 107
Suppose 12*w + 600 = 17*w. What are the prime factors of w?
2, 3, 5
Suppose z - 9 = 27. What are the prime factors of z?
2, 3
What are the prime fa